In base 9, what is -37 - -15?
-22
In base 9, what is -1413 - -3?
-1410
In base 4, what is -322 - 10?
-332
In base 7, what is -133 + 43?
-60
In base 4, what is 310 - 2?
302
In base 9, what is -20 - -2?
-17
In base 2, what is -110 + -11101?
-100011
In base 6, what is -5 + 531?
522
In base 5, what is 41 + -2002?
-1411
In base 12, what is 1 - a6?
-a5
In base 7, what is 22 - -42?
64
In base 7, what is -2 + -1612?
-1614
In base 16, what is 51 + 0?
51
In base 12, what is -14b - 24?
-173
In base 5, what is 14114 + 13?
14132
In base 14, what is 1 - -35?
36
In base 2, what is -11001110111 - -101?
-11001110010
In base 5, what is -1411 + 13?
-1343
In base 12, what is 3959 - -2?
395b
In base 15, what is -2 + -33?
-35
In base 11, what is -16 + -34?
-4a
In base 15, what is -c7 - 4?
-cb
In base 6, what is -2013 + -13?
-2030
In base 13, what is 33 - b?
25
In base 15, what is -132 - -1?
-131
In base 8, what is -11 - -2421?
2410
In base 5, what is 0 + 1022?
1022
In base 11, what is -7133 - -3?
-7130
In base 14, what is 3 + -9c6?
-9c3
In base 7, what is 1414 + 4?
1421
In base 2, what is 10010 - 110001110?
-101111100
In base 5, what is -14 - 22?
-41
In base 10, what is -6 - 69?
-75
In base 7, what is 551 + 0?
551
In base 12, what is -1b2 - 1?
-1b3
In base 4, what is -3 - 200?
-203
In base 10, what is -21 + -27?
-48
In base 11, what is -84 + 3?
-81
In base 3, what is 1201 + 2?
1210
In base 7, what is -1240 - 0?
-1240
In base 5, what is 1424 - 10?
1414
In base 2, what is 100 - 1000101011?
-1000100111
In base 2, what is 10 + -111000110?
-111000100
In base 10, what is -45 - -12?
-33
In base 9, what is 524 - 3?
521
In base 15, what is -a + -3e?
-49
In base 7, what is -44 - -12?
-32
In base 11, what is 64 - -5?
69
In base 4, what is -2 + -20223?
-20231
In base 14, what is 7 + 67?
70
In base 8, what is -1 - -770?
767
In base 4, what is 1 - 103?
-102
In base 12, what is 8156 - 2?
8154
In base 16, what is 393e - -1?
393f
In base 12, what is 59 + a?
67
In base 9, what is -174 - 38?
-223
In base 2, what is -10 + 100110001?
100101111
In base 10, what is -1112 + -1?
-1113
In base 16, what is 4 - 60b?
-607
In base 11, what is -1a - 3?
-22
In base 7, what is 113 + -3?
110
In base 15, what is -179 - -2?
-177
In base 13, what is -4 - -69c?
698
In base 5, what is 10 - -1000?
1010
In base 16, what is 2fe - 0?
2fe
In base 12, what is 4 - b67?
-b63
In base 5, what is 204 - -2?
211
In base 16, what is -2 - 183?
-185
In base 5, what is -32114 - -2?
-32112
In base 7, what is 4 + 215?
222
In base 6, what is 23 + -15?
4
In base 3, what is 22 - 1002?
-210
In base 12, what is b - -632?
641
In base 2, what is -11 + 1000100?
1000001
In base 6, what is -4 + -215?
-223
In base 5, what is 2 - 4104?
-4102
In base 7, what is 1 + 15?
16
In base 11, what is -2 + -257?
-259
In base 14, what is 2 - 58?
-56
In base 8, what is 51 - 2?
47
In base 11, what is 531 + a?
540
In base 8, what is 3 + 24?
27
In base 11, what is 5 + -190?
-186
In base 3, what is 10020200 - -2?
10020202
In base 9, what is -2 + 14?
12
In base 4, what is -2022 - 2301?
-10323
In base 5, what is 112412 - -1?
112413
In base 12, what is 3883 + 0?
3883
In base 10, what is 5 - 561?
-556
In base 6, what is 4 + -4224?
-4220
In base 6, what is -5312 + -5?
-5321
In base 6, what is -545 - 11?
-1000
In base 3, what is 12 + -2122?
-2110
In base 10, what is -3 + -3?
-6
In base 5, what is 104 + -12?
42
In base 2, what is 11001100 + -1100?
11000000
In base 2, what is 1 + 111010111?
111011000
In base 15, what is -3 - -10?
c
In base 5, what is 2 + 30441?
30443
In base 2, what is 110110 - 1?
110101
In base 16, what is 48 - 0?
48
In base 2, what is -11 + 101101?
101010
In base 9, what is -431 + 18?
-412
In base 13, what is 60 - -2?
62
In base 4, what is -10133 + 2?
-10131
In base 4, what is -21 + -3?
-30
In base 8, what is 10277 + -5?
10272
In base 4, what is 0 - 302?
-302
In base 14, what is 2032 - 0?
2032
In base 6, what is -42422 + -1?
-42423
In base 15, what is -1c + -48?
-65
In base 4, what is -1332 + 2?
-1330
In base 12, what is -4 + -a6?
-aa
In base 12, what is -10b4 + 2?
-10b2
In base 13, what is -2 + -64?
-66
In base 15, what is -1 - 23?
-24
In base 9, what is 74 + -60?
14
In base 9, what is 1 + 2?
3
In base 12, what is -71a8 + 5?
-71a3
In base 5, what is -10003 - -1?
-10002
In base 3, what is 12 + -10102?
-10020
In base 16, what is 37 - -a4?
db
In base 12, what is 2 - 4ab?
-4a9
In base 3, what is 22 + 221?
1020
In base 4, what is 0 - -102322?
102322
In base 9, what is -3 + -36?
-40
In base 5, what is 21 - 243?
-222
In base 8, what is -1 + -210?
-211
In base 4, what is -13 - -100?
21
In base 10, what is -1762 + 1?
-1761
In base 10, what is -3 + -46?
-49
In base 16, what is -5 - 3e?
-43
In base 11, what is a + -758?
-749
In base 2, what is -1 - 11111001?
-11111010
In base 13, what is 46 + 6?
4c
In base 10, what is 1 + 644?
645
In base 11, what is -96 + 3?
-93
In base 4, what is -30023 + 0?
-30023
In base 3, what is -12 + 1111101?
1111012
In base 7, what is -54 + 0?
-54
In base 6, what is 211 + 0?
211
In base 6, what is -24 + 4?
-20
In base 15, what is 240 + 1?
241
In base 2, what is -11 - 11000010001?
-11000010100
In base 12, what is 8 - -42?
4a
In base 2, what is 10 - 1000110?
-1000100
In base 6, what is 23 - -535?
1002
In base 3, what is -10112 - 2?
-10121
In base 15, what is 1 + 2d5?
2d6
In base 13, what is 21 + 16?
37
In base 6, what is 0 - 214?
-214
In base 11, what is -4 + a8?
a4
In base 2, what is 1010001100 - -11?
1010001111
In base 9, what is 47 - 0?
47
In base 3, what is 2102 - 20?
2012
In base 10, what is -5 + 7?
2
In base 7, what is 4 + -6455?
-6451
In base 9, what is -5 - -1158?
1153
In base 4, what is 3310 - -10?
3320
In base 4, what is -3 + 1?
-2
In base 10, what is -5 + 61?
56
In base 5, what is -14 - -4332?
4313
In base 2, what is 100 + -11001111?
-11001011
In base 3, what is 1120122 + -10?
1120112
In base 4, what is -10020 + 1102?
-2312
In base 12, what is 1b65 - 0?
1b65
In base 14, what is -2dc + -5?
-303
In base 8, what is -6 - -20?
12
In base 2, what is 0 + 1010101110100?
1010101110100
In base 10, what is -3 + -443?
-446
In base 14, what is 1 + b9?
ba
In base 6, what is -4 + -235?
-243
In base 12, what is 2ba + 4?
302
In base 5, what is 13231 + 2?
13233
In base 7, what is -13 + 64?
51
In base 2, what is -10011000 - -100010?
-1110110
In base 8, what is 366 - -2?
370
In base 16, what is -115 + -4?
-119
In base 15, what is 7 - d2?
-ca
In base 9, what is -3 + -67?
-71
In base 8, what is -2 + 2043?
2041
In base 6, what is 0 + 13332?
13332
In base 16, what is -23 - -17?
-c
In base 5, what is 22031 + 11?
22042
In base 2, what is -110 + -1001110?
-1010100
In base 15, what is -1 - -67c?
67b
In base 11, what is 2544 + 2?
2546
In base 3, what is -22 - -100221?
100122
In base 16, what is -1d7 + -5?
-1dc
In base 10, what is 7 + 3?
10
In base 5, what is -34 + 3?
-31
In base 12, what is -8 - 110a?
-1116
In base 9, what is -1 - 84?
-85
In base 4, what is -2 - 13123?
-13131
In base 14, what is 3 + -1ab?
-1a8
In base 3, what is -1110 - -10?
-1100
In base 13, what is -488 - 1?
-489
In base 11, what is 4 + -5?
-1
In base 5, what is 130 + -13?
112
In base 3, what is -2221 - -11?
-2210
In base 9, what is -5 + -16?
-22
In base 13, what is 1c + a?
29
In base 5, what is 0 - -114?
114
In base 14, what is 2d41 + -4?
2d3b
In base 5, what is 112400 - -10?
112410
In base 6, what is -21 + 3?
-14
In base 14, what is -43 + 1?
-42
In base 8, what is 6 + 74?
102
In base 8, what is 154 - 5?
147
In base 14, what is 390 + 3?
393
In base 5, what is 23340 + 1?
23341
In base 6, what is 100 + -2?
54
In base 8, what is -242 + 3?
-237
In base 10, what is 1664 + -5?
1659
In base 8, what is -1036 - 5?
-1043
In base 5, what is -42 + 30?
-12
In base 10, what is 225 - 11?
214
In base 5, what is -3114 - -14?
-3100
In base 5, what is -10413 + -10?
-10423
In base 14, what is -2 - -122?
120
In base 14, what is 7d9 - -6?
801
In base 11, what is 0 + -3a?
-3a
In base 5, what is 2 + 1031?
1033
In base 3, what is -100020 - -20?
-100000
In base 7, what is -2 - -10?
5
In base 8, what is 4 - 20?
-14
In base 13, what is 98a - -4?
991
In base 12, what is 17 + 18?
33
In base 12, what is -9 + -19?
-26
In base 7, what is -20 - 31?
-51
In base 7, what is 63 - -13?
106
In base 12, what 